[INFO] fetching crate string_telephone 0.0.3...
[INFO] checking string_telephone-0.0.3 against master#e6e4f7ed1589e03bc2f6c5931c1a72e7947e8682 for beta-170-4
[INFO] extracting crate string_telephone 0.0.3 into /workspace/builds/worker-6-tc2/source
[INFO] validating manifest of crates.io crate string_telephone 0.0.3 on toolchain e6e4f7ed1589e03bc2f6c5931c1a72e7947e8682
[INFO] running `Command { std: CARGO_HOME="/workspace/cargo-home" RUSTUP_HOME="/workspace/rustup-home" "/workspace/cargo-home/bin/cargo" "+e6e4f7ed1589e03bc2f6c5931c1a72e7947e8682" "metadata" "--manifest-path" "Cargo.toml" "--no-deps", kill_on_drop: false }`
[INFO] started tweaking crates.io crate string_telephone 0.0.3
[INFO] finished tweaking crates.io crate string_telephone 0.0.3
[INFO] tweaked toml for crates.io crate string_telephone 0.0.3 written to /workspace/builds/worker-6-tc2/source/Cargo.toml
[INFO] running `Command { std: CARGO_HOME="/workspace/cargo-home" RUSTUP_HOME="/workspace/rustup-home" __CARGO_TEST_CHANNEL_OVERRIDE_DO_NOT_USE_THIS="nightly" "/workspace/cargo-home/bin/cargo" "+e6e4f7ed1589e03bc2f6c5931c1a72e7947e8682" "generate-lockfile" "--manifest-path" "Cargo.toml" "-Zno-index-update", kill_on_drop: false }`
[INFO] running `Command { std: CARGO_HOME="/workspace/cargo-home" RUSTUP_HOME="/workspace/rustup-home" "/workspace/cargo-home/bin/cargo" "+e6e4f7ed1589e03bc2f6c5931c1a72e7947e8682" "fetch" "--manifest-path" "Cargo.toml", kill_on_drop: false }`
[INFO] running `Command { std: "docker" "create" "-v" "/var/lib/crater-agent-workspace/builds/worker-6-tc2/target:/opt/rustwide/target:rw,Z" "-v" "/var/lib/crater-agent-workspace/builds/worker-6-tc2/source:/opt/rustwide/workdir:ro,Z" "-v" "/var/lib/crater-agent-workspace/cargo-home:/opt/rustwide/cargo-home:ro,Z" "-v" "/var/lib/crater-agent-workspace/rustup-home:/opt/rustwide/rustup-home:ro,Z" "-e" "SOURCE_DIR=/opt/rustwide/workdir" "-e" "CARGO_TARGET_DIR=/opt/rustwide/target" "-e" "CARGO_HOME=/opt/rustwide/cargo-home" "-e" "RUSTUP_HOME=/opt/rustwide/rustup-home" "-w" "/opt/rustwide/workdir" "-m" "1610612736" "--user" "0:0" "--network" "none" "ghcr.io/rust-lang/crates-build-env/linux@sha256:19e73879b68f455e41552ea35293514db52ea292d993f571636dbffedb77a1ee" "/opt/rustwide/cargo-home/bin/cargo" "+e6e4f7ed1589e03bc2f6c5931c1a72e7947e8682" "metadata" "--no-deps" "--format-version=1", kill_on_drop: false }`
[INFO] [stdout] bbece3060552eadd4057056e7205735e74261207ab98c645eff24b33692e439d
[INFO] running `Command { std: "docker" "start" "-a" "bbece3060552eadd4057056e7205735e74261207ab98c645eff24b33692e439d", kill_on_drop: false }`
[INFO] running `Command { std: "docker" "inspect" "bbece3060552eadd4057056e7205735e74261207ab98c645eff24b33692e439d", kill_on_drop: false }`
[INFO] running `Command { std: "docker" "rm" "-f" "bbece3060552eadd4057056e7205735e74261207ab98c645eff24b33692e439d", kill_on_drop: false }`
[INFO] [stdout] bbece3060552eadd4057056e7205735e74261207ab98c645eff24b33692e439d
[INFO] running `Command { std: "docker" "create" "-v" "/var/lib/crater-agent-workspace/builds/worker-6-tc2/target:/opt/rustwide/target:rw,Z" "-v" "/var/lib/crater-agent-workspace/builds/worker-6-tc2/source:/opt/rustwide/workdir:ro,Z" "-v" "/var/lib/crater-agent-workspace/cargo-home:/opt/rustwide/cargo-home:ro,Z" "-v" "/var/lib/crater-agent-workspace/rustup-home:/opt/rustwide/rustup-home:ro,Z" "-e" "SOURCE_DIR=/opt/rustwide/workdir" "-e" "CARGO_TARGET_DIR=/opt/rustwide/target" "-e" "CARGO_INCREMENTAL=0" "-e" "RUST_BACKTRACE=full" "-e" "RUSTFLAGS=--cap-lints=forbid" "-e" "RUSTDOCFLAGS=--cap-lints=forbid" "-e" "CARGO_HOME=/opt/rustwide/cargo-home" "-e" "RUSTUP_HOME=/opt/rustwide/rustup-home" "-w" "/opt/rustwide/workdir" "-m" "1610612736" "--user" "0:0" "--network" "none" "ghcr.io/rust-lang/crates-build-env/linux@sha256:19e73879b68f455e41552ea35293514db52ea292d993f571636dbffedb77a1ee" "/opt/rustwide/cargo-home/bin/cargo" "+e6e4f7ed1589e03bc2f6c5931c1a72e7947e8682" "check" "--frozen" "--all" "--all-targets" "--message-format=json", kill_on_drop: false }`
[INFO] [stdout] d03ea8c10dcddb2d6320f88c00e2de865455c18efacd3982b2c2b1cb52aa53a1
[INFO] running `Command { std: "docker" "start" "-a" "d03ea8c10dcddb2d6320f88c00e2de865455c18efacd3982b2c2b1cb52aa53a1", kill_on_drop: false }`
[INFO] [stderr]    Compiling libc v0.2.144
[INFO] [stderr]     Checking time v0.1.45
[INFO] [stderr]     Checking string_telephone v0.0.3 (/opt/rustwide/workdir)
[INFO] [stdout] error[E0432]: unresolved import `std::old_io`
[INFO] [stdout]  --> src/packet.rs:1:10
[INFO] [stdout]   |
[INFO] [stdout] 1 | use std::old_io::{IoResult, IoError, OtherIoError};
[INFO] [stdout]   |          ^^^^^^ could not find `old_io` in `std`
[INFO] [stdout] 
[INFO] [stdout] 
[INFO] [stdout] error[E0432]: unresolved import `std::old_io`
[INFO] [stdout]  --> src/packet.rs:2:10
[INFO] [stdout]   |
[INFO] [stdout] 2 | use std::old_io::BufReader;
[INFO] [stdout]   |          ^^^^^^ could not find `old_io` in `std`
[INFO] [stdout] 
[INFO] [stdout] 
[INFO] [stdout] error[E0432]: unresolved import `std::num::FromPrimitive`
[INFO] [stdout]  --> src/packet.rs:3:5
[INFO] [stdout]   |
[INFO] [stdout] 3 | use std::num::FromPrimitive;
[INFO] [stdout]   |     ^^^^^^^^^^^^^^^^^^^^^^^ no `FromPrimitive` in `num`
[INFO] [stdout] 
[INFO] [stdout] 
[INFO] [stdout] error[E0433]: failed to resolve: could not find `old_io` in `std`
[INFO] [stdout]  --> src/client.rs:1:10
[INFO] [stdout]   |
[INFO] [stdout] 1 | use std::old_io::net::udp::UdpSocket;
[INFO] [stdout]   |          ^^^^^^ could not find `old_io` in `std`
[INFO] [stdout] 
[INFO] [stdout] 
[INFO] [stdout] error[E0433]: failed to resolve: could not find `old_io` in `std`
[INFO] [stdout]  --> src/client.rs:2:10
[INFO] [stdout]   |
[INFO] [stdout] 2 | use std::old_io::net::ip::SocketAddr;
[INFO] [stdout]   |          ^^^^^^ could not find `old_io` in `std`
[INFO] [stdout] 
[INFO] [stdout] 
[INFO] [stdout] error[E0432]: unresolved import `std::time::duration`
[INFO] [stdout]  --> src/shared.rs:1:16
[INFO] [stdout]   |
[INFO] [stdout] 1 | use std::time::duration::Duration;
[INFO] [stdout]   |                ^^^^^^^^ could not find `duration` in `time`
[INFO] [stdout] 
[INFO] [stdout] 
[INFO] [stdout] error[E0432]: unresolved import `std::old_io`
[INFO] [stdout]  --> src/client.rs:3:10
[INFO] [stdout]   |
[INFO] [stdout] 3 | use std::old_io::{IoResult, IoError, OtherIoError, TimedOut};
[INFO] [stdout]   |          ^^^^^^ could not find `old_io` in `std`
[INFO] [stdout] 
[INFO] [stdout] 
[INFO] [stdout] error[E0432]: unresolved import `std::old_io`
[INFO] [stdout]  --> src/client.rs:4:10
[INFO] [stdout]   |
[INFO] [stdout] 4 | use std::old_io::Timer;
[INFO] [stdout]   |          ^^^^^^ could not find `old_io` in `std`
[INFO] [stdout] 
[INFO] [stdout] 
[INFO] [stdout] error[E0432]: unresolved import `std::sync::mpsc::Select`
[INFO] [stdout]  --> src/client.rs:5:64
[INFO] [stdout]   |
[INFO] [stdout] 5 | use std::sync::mpsc::{Sender, Receiver, TryRecvError, channel, Select};
[INFO] [stdout]   |                                                                ^^^^^^ no `Select` in `sync::mpsc`
[INFO] [stdout] 
[INFO] [stdout] 
[INFO] [stdout] error[E0433]: failed to resolve: could not find `old_io` in `std`
[INFO] [stdout]  --> src/server.rs:1:10
[INFO] [stdout]   |
[INFO] [stdout] 1 | use std::old_io::net::udp::UdpSocket;
[INFO] [stdout]   |          ^^^^^^ could not find `old_io` in `std`
[INFO] [stdout] 
[INFO] [stdout] 
[INFO] [stdout] error[E0433]: failed to resolve: could not find `old_io` in `std`
[INFO] [stdout]  --> src/server.rs:2:10
[INFO] [stdout]   |
[INFO] [stdout] 2 | use std::old_io::net::ip::{SocketAddr, Ipv4Addr, Ipv6Addr};
[INFO] [stdout]   |          ^^^^^^ could not find `old_io` in `std`
[INFO] [stdout] 
[INFO] [stdout] 
[INFO] [stdout] error[E0432]: unresolved import `std::time::duration`
[INFO] [stdout]  --> src/client.rs:7:16
[INFO] [stdout]   |
[INFO] [stdout] 7 | use std::time::duration::Duration;
[INFO] [stdout]   |                ^^^^^^^^ could not find `duration` in `time`
[INFO] [stdout] 
[INFO] [stdout] 
[INFO] [stdout] error[E0432]: unresolved import `std::old_io`
[INFO] [stdout]  --> src/server.rs:3:10
[INFO] [stdout]   |
[INFO] [stdout] 3 | use std::old_io::{IoResult, TimedOut};
[INFO] [stdout]   |          ^^^^^^ could not find `old_io` in `std`
[INFO] [stdout] 
[INFO] [stdout] 
[INFO] [stdout] error[E0432]: unresolved import `std::sync::mpsc::Select`
[INFO] [stdout]  --> src/server.rs:4:64
[INFO] [stdout]   |
[INFO] [stdout] 4 | use std::sync::mpsc::{Sender, Receiver, TryRecvError, channel, Select};
[INFO] [stdout]   |                                                                ^^^^^^ no `Select` in `sync::mpsc`
[INFO] [stdout] 
[INFO] [stdout] 
[INFO] [stdout] error: cannot determine resolution for the derive macro `FromPrimitive`
[INFO] [stdout]  --> src/packet.rs:6:10
[INFO] [stdout]   |
[INFO] [stdout] 6 | #[derive(FromPrimitive, Clone, Show, PartialEq, Copy)]
[INFO] [stdout]   |          ^^^^^^^^^^^^^
[INFO] [stdout]   |
[INFO] [stdout]   = note: import resolution is stuck, try simplifying macro imports
[INFO] [stdout] 
[INFO] [stdout] 
[INFO] [stdout] error: cannot find derive macro `Show` in this scope
[INFO] [stdout]  --> src/packet.rs:6:32
[INFO] [stdout]   |
[INFO] [stdout] 6 | #[derive(FromPrimitive, Clone, Show, PartialEq, Copy)]
[INFO] [stdout]   |                                ^^^^
[INFO] [stdout] 
[INFO] [stdout] 
[INFO] [stdout] error[E0432]: unresolved import `std::old_io`
[INFO] [stdout]  --> src/packet.rs:1:10
[INFO] [stdout]   |
[INFO] [stdout] 1 | use std::old_io::{IoResult, IoError, OtherIoError};
[INFO] [stdout]   |          ^^^^^^ could not find `old_io` in `std`
[INFO] [stdout] 
[INFO] [stdout] 
[INFO] [stdout] error: cannot find attribute `unsafe_destructor` in this scope
[INFO] [stdout]    --> src/client.rs:307:3
[INFO] [stdout]     |
[INFO] [stdout] 307 | #[unsafe_destructor]
[INFO] [stdout]     |   ^^^^^^^^^^^^^^^^^
[INFO] [stdout] 
[INFO] [stdout] 
[INFO] [stdout] error: cannot find attribute `unsafe_destructor` in this scope
[INFO] [stdout]    --> src/server.rs:283:3
[INFO] [stdout]     |
[INFO] [stdout] 283 | #[unsafe_destructor]
[INFO] [stdout]     |   ^^^^^^^^^^^^^^^^^
[INFO] [stdout] 
[INFO] [stdout] 
[INFO] [stdout] warning: use of deprecated macro `try`: use the `?` operator instead
[INFO] [stdout]   --> src/packet.rs:80:27
[INFO] [stdout]    |
[INFO] [stdout] 80 |         let protocol_id = try!(r.read_be_u32());
[INFO] [stdout]    |                           ^^^
[INFO] [stdout]    |
[INFO] [stdout]    = note: `#[warn(deprecated)]` on by default
[INFO] [stdout] 
[INFO] [stdout] 
[INFO] [stdout] warning: use of deprecated macro `try`: use the `?` operator instead
[INFO] [stdout]   --> src/packet.rs:81:27
[INFO] [stdout]    |
[INFO] [stdout] 81 |         let sequence_id = try!(r.read_be_u16());
[INFO] [stdout]    |                           ^^^
[INFO] [stdout] 
[INFO] [stdout] 
[INFO] [stdout] warning: use of deprecated macro `try`: use the `?` operator instead
[INFO] [stdout]   --> src/packet.rs:82:27
[INFO] [stdout]    |
[INFO] [stdout] 82 |         let packet_type = try!(r.read_byte());
[INFO] [stdout]    |                           ^^^
[INFO] [stdout] 
[INFO] [stdout] 
[INFO] [stdout] warning: use of deprecated macro `try`: use the `?` operator instead
[INFO] [stdout]   --> src/packet.rs:83:23
[INFO] [stdout]    |
[INFO] [stdout] 83 |         let content = try!(r.read_to_end());
[INFO] [stdout]    |                       ^^^
[INFO] [stdout] 
[INFO] [stdout] 
[INFO] [stdout] warning: use of deprecated macro `try`: use the `?` operator instead
[INFO] [stdout]    --> src/packet.rs:105:9
[INFO] [stdout]     |
[INFO] [stdout] 105 |         try!(w.write_be_u32(self.protocol_id));
[INFO] [stdout]     |         ^^^
[INFO] [stdout] 
[INFO] [stdout] 
[INFO] [stdout] warning: use of deprecated macro `try`: use the `?` operator instead
[INFO] [stdout]    --> src/packet.rs:106:9
[INFO] [stdout]     |
[INFO] [stdout] 106 |         try!(w.write_be_u16(self.sequence_id));
[INFO] [stdout]     |         ^^^
[INFO] [stdout] 
[INFO] [stdout] 
[INFO] [stdout] warning: use of deprecated macro `try`: use the `?` operator instead
[INFO] [stdout]    --> src/packet.rs:107:9
[INFO] [stdout]     |
[INFO] [stdout] 107 |         try!(w.write_u8(self.packet_type as u8));
[INFO] [stdout]     |         ^^^
[INFO] [stdout] 
[INFO] [stdout] 
[INFO] [stdout] warning: use of deprecated macro `try`: use the `?` operator instead
[INFO] [stdout]    --> src/packet.rs:110:17
[INFO] [stdout]     |
[INFO] [stdout] 110 |                 try!(w.write(content.as_slice()))
[INFO] [stdout]     |                 ^^^
[INFO] [stdout] 
[INFO] [stdout] 
[INFO] [stdout] error[E0432]: unresolved import `std::old_io`
[INFO] [stdout]  --> src/packet.rs:2:10
[INFO] [stdout]   |
[INFO] [stdout] 2 | use std::old_io::BufReader;
[INFO] [stdout]   |          ^^^^^^ could not find `old_io` in `std`
[INFO] [stdout] 
[INFO] [stdout] 
[INFO] [stdout] error[E0432]: unresolved import `std::num::FromPrimitive`
[INFO] [stdout]  --> src/packet.rs:3:5
[INFO] [stdout]   |
[INFO] [stdout] 3 | use std::num::FromPrimitive;
[INFO] [stdout]   |     ^^^^^^^^^^^^^^^^^^^^^^^ no `FromPrimitive` in `num`
[INFO] [stdout] 
[INFO] [stdout] 
[INFO] [stdout] error[E0433]: failed to resolve: could not find `old_io` in `std`
[INFO] [stdout]  --> src/client.rs:1:10
[INFO] [stdout]   |
[INFO] [stdout] 1 | use std::old_io::net::udp::UdpSocket;
[INFO] [stdout]   |          ^^^^^^ could not find `old_io` in `std`
[INFO] [stdout] 
[INFO] [stdout] 
[INFO] [stdout] error[E0433]: failed to resolve: could not find `old_io` in `std`
[INFO] [stdout]  --> src/client.rs:2:10
[INFO] [stdout]   |
[INFO] [stdout] 2 | use std::old_io::net::ip::SocketAddr;
[INFO] [stdout]   |          ^^^^^^ could not find `old_io` in `std`
[INFO] [stdout] 
[INFO] [stdout] 
[INFO] [stdout] error[E0432]: unresolved import `std::time::duration`
[INFO] [stdout]  --> src/shared.rs:1:16
[INFO] [stdout]   |
[INFO] [stdout] 1 | use std::time::duration::Duration;
[INFO] [stdout]   |                ^^^^^^^^ could not find `duration` in `time`
[INFO] [stdout] 
[INFO] [stdout] 
[INFO] [stdout] error[E0432]: unresolved import `std::old_io`
[INFO] [stdout]  --> src/client.rs:3:10
[INFO] [stdout]   |
[INFO] [stdout] 3 | use std::old_io::{IoResult, IoError, OtherIoError, TimedOut};
[INFO] [stdout]   |          ^^^^^^ could not find `old_io` in `std`
[INFO] [stdout] 
[INFO] [stdout] 
[INFO] [stdout] error[E0432]: unresolved import `std::old_io`
[INFO] [stdout]  --> src/client.rs:4:10
[INFO] [stdout]   |
[INFO] [stdout] 4 | use std::old_io::Timer;
[INFO] [stdout]   |          ^^^^^^ could not find `old_io` in `std`
[INFO] [stdout] 
[INFO] [stdout] 
[INFO] [stdout] error[E0432]: unresolved import `std::sync::mpsc::Select`
[INFO] [stdout]  --> src/client.rs:5:64
[INFO] [stdout]   |
[INFO] [stdout] 5 | use std::sync::mpsc::{Sender, Receiver, TryRecvError, channel, Select};
[INFO] [stdout]   |                                                                ^^^^^^ no `Select` in `sync::mpsc`
[INFO] [stdout] 
[INFO] [stdout] 
[INFO] [stdout] error[E0433]: failed to resolve: could not find `old_io` in `std`
[INFO] [stdout]  --> src/server.rs:1:10
[INFO] [stdout]   |
[INFO] [stdout] 1 | use std::old_io::net::udp::UdpSocket;
[INFO] [stdout]   |          ^^^^^^ could not find `old_io` in `std`
[INFO] [stdout] 
[INFO] [stdout] 
[INFO] [stdout] error[E0433]: failed to resolve: could not find `old_io` in `std`
[INFO] [stdout]  --> src/server.rs:2:10
[INFO] [stdout]   |
[INFO] [stdout] 2 | use std::old_io::net::ip::{SocketAddr, Ipv4Addr, Ipv6Addr};
[INFO] [stdout]   |          ^^^^^^ could not find `old_io` in `std`
[INFO] [stdout] 
[INFO] [stdout] 
[INFO] [stdout] error[E0432]: unresolved import `std::time::duration`
[INFO] [stdout]  --> src/client.rs:7:16
[INFO] [stdout]   |
[INFO] [stdout] 7 | use std::time::duration::Duration;
[INFO] [stdout]   |                ^^^^^^^^ could not find `duration` in `time`
[INFO] [stdout] 
[INFO] [stdout] 
[INFO] [stdout] error[E0432]: unresolved import `std::old_io`
[INFO] [stdout]  --> src/server.rs:3:10
[INFO] [stdout]   |
[INFO] [stdout] 3 | use std::old_io::{IoResult, TimedOut};
[INFO] [stdout]   |          ^^^^^^ could not find `old_io` in `std`
[INFO] [stdout] 
[INFO] [stdout] 
[INFO] [stdout] error[E0635]: unknown feature `unsafe_destructor`
[INFO] [stdout]  --> src/lib.rs:6:12
[INFO] [stdout]   |
[INFO] [stdout] 6 | #![feature(unsafe_destructor)]
[INFO] [stdout]   |            ^^^^^^^^^^^^^^^^^
[INFO] [stdout] 
[INFO] [stdout] 
[INFO] [stdout] error[E0433]: failed to resolve: could not find `old_io` in `std`
[INFO] [stdout]  --> src/tests/test_shared.rs:1:10
[INFO] [stdout]   |
[INFO] [stdout] 1 | use std::old_io::net::ip::SocketAddr;
[INFO] [stdout]   |          ^^^^^^ could not find `old_io` in `std`
[INFO] [stdout] 
[INFO] [stdout] 
[INFO] [stdout] error[E0433]: failed to resolve: could not find `old_io` in `std`
[INFO] [stdout]  --> src/tests/test_shared.rs:2:10
[INFO] [stdout]   |
[INFO] [stdout] 2 | use std::old_io::net::udp::UdpSocket;
[INFO] [stdout]   |          ^^^^^^ could not find `old_io` in `std`
[INFO] [stdout] 
[INFO] [stdout] 
[INFO] [stdout] error[E0433]: failed to resolve: could not find `old_io` in `std`
[INFO] [stdout]  --> src/tests/test_client.rs:5:10
[INFO] [stdout]   |
[INFO] [stdout] 5 | use std::old_io::net::ip::{Ipv4Addr, SocketAddr};
[INFO] [stdout]   |          ^^^^^^ could not find `old_io` in `std`
[INFO] [stdout] 
[INFO] [stdout] 
[INFO] [stdout] error[E0433]: failed to resolve: could not find `old_io` in `std`
[INFO] [stdout]  --> src/tests/test_client.rs:6:10
[INFO] [stdout]   |
[INFO] [stdout] 6 | use std::old_io::net::udp::UdpSocket;
[INFO] [stdout]   |          ^^^^^^ could not find `old_io` in `std`
[INFO] [stdout] 
[INFO] [stdout] 
[INFO] [stdout] error[E0432]: unresolved import `std::sync::mpsc::Select`
[INFO] [stdout]  --> src/server.rs:4:64
[INFO] [stdout]   |
[INFO] [stdout] 4 | use std::sync::mpsc::{Sender, Receiver, TryRecvError, channel, Select};
[INFO] [stdout]   |                                                                ^^^^^^ no `Select` in `sync::mpsc`
[INFO] [stdout] 
[INFO] [stdout] 
[INFO] [stdout] error[E0432]: unresolved import `std::old_io`
[INFO] [stdout]  --> src/tests/test_client.rs:7:10
[INFO] [stdout]   |
[INFO] [stdout] 7 | use std::old_io::Timer;
[INFO] [stdout]   |          ^^^^^^ could not find `old_io` in `std`
[INFO] [stdout] 
[INFO] [stdout] 
[INFO] [stdout] error[E0433]: failed to resolve: could not find `old_io` in `std`
[INFO] [stdout]  --> src/tests/test_server.rs:5:10
[INFO] [stdout]   |
[INFO] [stdout] 5 | use std::old_io::net::ip::{Ipv4Addr, SocketAddr};
[INFO] [stdout]   |          ^^^^^^ could not find `old_io` in `std`
[INFO] [stdout] 
[INFO] [stdout] 
[INFO] [stdout] error[E0432]: unresolved import `std::time::duration`
[INFO] [stdout]  --> src/tests/test_client.rs:8:16
[INFO] [stdout]   |
[INFO] [stdout] 8 | use std::time::duration::Duration;
[INFO] [stdout]   |                ^^^^^^^^ could not find `duration` in `time`
[INFO] [stdout] 
[INFO] [stdout] 
[INFO] [stdout] error[E0433]: failed to resolve: could not find `old_io` in `std`
[INFO] [stdout]  --> src/tests/test_server.rs:7:10
[INFO] [stdout]   |
[INFO] [stdout] 7 | use std::old_io::net::udp::UdpSocket;
[INFO] [stdout]   |          ^^^^^^ could not find `old_io` in `std`
[INFO] [stdout] 
[INFO] [stdout] 
[INFO] [stdout] error[E0432]: unresolved import `std::time::duration`
[INFO] [stdout]  --> src/tests/test_server.rs:6:16
[INFO] [stdout]   |
[INFO] [stdout] 6 | use std::time::duration::Duration;
[INFO] [stdout]   |                ^^^^^^^^ could not find `duration` in `time`
[INFO] [stdout] 
[INFO] [stdout] 
[INFO] [stdout] error[E0432]: unresolved import `std::old_io`
[INFO] [stdout]  --> src/tests/test_server.rs:8:10
[INFO] [stdout]   |
[INFO] [stdout] 8 | use std::old_io::Timer;
[INFO] [stdout]   |          ^^^^^^ could not find `old_io` in `std`
[INFO] [stdout] 
[INFO] [stdout] 
[INFO] [stdout] error: cannot determine resolution for the derive macro `FromPrimitive`
[INFO] [stdout]  --> src/packet.rs:6:10
[INFO] [stdout]   |
[INFO] [stdout] 6 | #[derive(FromPrimitive, Clone, Show, PartialEq, Copy)]
[INFO] [stdout]   |          ^^^^^^^^^^^^^
[INFO] [stdout]   |
[INFO] [stdout]   = note: import resolution is stuck, try simplifying macro imports
[INFO] [stdout] 
[INFO] [stdout] 
[INFO] [stdout] error: cannot find derive macro `Show` in this scope
[INFO] [stdout]  --> src/packet.rs:6:32
[INFO] [stdout]   |
[INFO] [stdout] 6 | #[derive(FromPrimitive, Clone, Show, PartialEq, Copy)]
[INFO] [stdout]   |                                ^^^^
[INFO] [stdout] 
[INFO] [stdout] 
[INFO] [stdout] error: cannot find attribute `unsafe_destructor` in this scope
[INFO] [stdout]    --> src/client.rs:307:3
[INFO] [stdout]     |
[INFO] [stdout] 307 | #[unsafe_destructor]
[INFO] [stdout]     |   ^^^^^^^^^^^^^^^^^
[INFO] [stdout] 
[INFO] [stdout] 
[INFO] [stdout] error: cannot find attribute `unsafe_destructor` in this scope
[INFO] [stdout]    --> src/server.rs:283:3
[INFO] [stdout]     |
[INFO] [stdout] 283 | #[unsafe_destructor]
[INFO] [stdout]     |   ^^^^^^^^^^^^^^^^^
[INFO] [stdout] 
[INFO] [stdout] 
[INFO] [stdout] warning: use of deprecated macro `try`: use the `?` operator instead
[INFO] [stdout]   --> src/packet.rs:80:27
[INFO] [stdout]    |
[INFO] [stdout] 80 |         let protocol_id = try!(r.read_be_u32());
[INFO] [stdout]    |                           ^^^
[INFO] [stdout]    |
[INFO] [stdout]    = note: `#[warn(deprecated)]` on by default
[INFO] [stdout] 
[INFO] [stdout] 
[INFO] [stdout] warning: use of deprecated macro `try`: use the `?` operator instead
[INFO] [stdout]   --> src/packet.rs:81:27
[INFO] [stdout]    |
[INFO] [stdout] 81 |         let sequence_id = try!(r.read_be_u16());
[INFO] [stdout]    |                           ^^^
[INFO] [stdout] 
[INFO] [stdout] 
[INFO] [stdout] warning: use of deprecated macro `try`: use the `?` operator instead
[INFO] [stdout]   --> src/packet.rs:82:27
[INFO] [stdout]    |
[INFO] [stdout] 82 |         let packet_type = try!(r.read_byte());
[INFO] [stdout]    |                           ^^^
[INFO] [stdout] 
[INFO] [stdout] 
[INFO] [stdout] warning: use of deprecated macro `try`: use the `?` operator instead
[INFO] [stdout]   --> src/packet.rs:83:23
[INFO] [stdout]    |
[INFO] [stdout] 83 |         let content = try!(r.read_to_end());
[INFO] [stdout]    |                       ^^^
[INFO] [stdout] 
[INFO] [stdout] 
[INFO] [stdout] warning: use of deprecated macro `try`: use the `?` operator instead
[INFO] [stdout]    --> src/packet.rs:105:9
[INFO] [stdout]     |
[INFO] [stdout] 105 |         try!(w.write_be_u32(self.protocol_id));
[INFO] [stdout]     |         ^^^
[INFO] [stdout] 
[INFO] [stdout] 
[INFO] [stdout] warning: use of deprecated macro `try`: use the `?` operator instead
[INFO] [stdout]    --> src/packet.rs:106:9
[INFO] [stdout]     |
[INFO] [stdout] 106 |         try!(w.write_be_u16(self.sequence_id));
[INFO] [stdout]     |         ^^^
[INFO] [stdout] 
[INFO] [stdout] 
[INFO] [stdout] warning: use of deprecated macro `try`: use the `?` operator instead
[INFO] [stdout]    --> src/packet.rs:107:9
[INFO] [stdout]     |
[INFO] [stdout] 107 |         try!(w.write_u8(self.packet_type as u8));
[INFO] [stdout]     |         ^^^
[INFO] [stdout] 
[INFO] [stdout] 
[INFO] [stdout] warning: use of deprecated macro `try`: use the `?` operator instead
[INFO] [stdout]    --> src/packet.rs:110:17
[INFO] [stdout]     |
[INFO] [stdout] 110 |                 try!(w.write(content.as_slice()))
[INFO] [stdout]     |                 ^^^
[INFO] [stdout] 
[INFO] [stdout] 
[INFO] [stdout] error[E0635]: unknown feature `unsafe_destructor`
[INFO] [stdout]  --> src/lib.rs:6:12
[INFO] [stdout]   |
[INFO] [stdout] 6 | #![feature(unsafe_destructor)]
[INFO] [stdout]   |            ^^^^^^^^^^^^^^^^^
[INFO] [stdout] 
[INFO] [stdout] 
[INFO] [stdout] error[E0599]: no method named `write_be_u32` found for struct `Vec<_>` in the current scope
[INFO] [stdout]    --> src/packet.rs:105:16
[INFO] [stdout]     |
[INFO] [stdout] 105 |         try!(w.write_be_u32(self.protocol_id));
[INFO] [stdout]     |                ^^^^^^^^^^^^ method not found in `Vec<_>`
[INFO] [stdout] 
[INFO] [stdout] 
[INFO] [stdout] error[E0599]: no method named `write_be_u32` found for struct `Vec<_>` in the current scope
[INFO] [stdout]    --> src/packet.rs:105:16
[INFO] [stdout]     |
[INFO] [stdout] 105 |         try!(w.write_be_u32(self.protocol_id));
[INFO] [stdout]     |                ^^^^^^^^^^^^ method not found in `Vec<_>`
[INFO] [stdout] 
[INFO] [stdout] 
[INFO] [stdout] error[E0599]: no method named `write_be_u16` found for struct `Vec<_>` in the current scope
[INFO] [stdout]    --> src/packet.rs:106:16
[INFO] [stdout]     |
[INFO] [stdout] 106 |         try!(w.write_be_u16(self.sequence_id));
[INFO] [stdout]     |                ^^^^^^^^^^^^ method not found in `Vec<_>`
[INFO] [stdout] 
[INFO] [stdout] 
[INFO] [stdout] error[E0599]: no method named `write_be_u16` found for struct `Vec<_>` in the current scope
[INFO] [stdout]    --> src/packet.rs:106:16
[INFO] [stdout]     |
[INFO] [stdout] 106 |         try!(w.write_be_u16(self.sequence_id));
[INFO] [stdout]     |                ^^^^^^^^^^^^ method not found in `Vec<_>`
[INFO] [stdout] 
[INFO] [stdout] 
[INFO] [stdout] error[E0599]: no method named `write_u8` found for struct `Vec<_>` in the current scope
[INFO] [stdout]    --> src/packet.rs:107:16
[INFO] [stdout]     |
[INFO] [stdout] 107 |         try!(w.write_u8(self.packet_type as u8));
[INFO] [stdout]     |                ^^^^^^^^ method not found in `Vec<_>`
[INFO] [stdout] 
[INFO] [stdout] 
[INFO] [stdout] error[E0599]: no method named `write_u8` found for struct `Vec<_>` in the current scope
[INFO] [stdout]    --> src/packet.rs:107:16
[INFO] [stdout]     |
[INFO] [stdout] 107 |         try!(w.write_u8(self.packet_type as u8));
[INFO] [stdout]     |                ^^^^^^^^ method not found in `Vec<_>`
[INFO] [stdout] 
[INFO] [stdout] 
[INFO] [stdout] error[E0599]: no method named `write` found for struct `Vec<_>` in the current scope
[INFO] [stdout]    --> src/packet.rs:110:24
[INFO] [stdout]     |
[INFO] [stdout] 110 |                 try!(w.write(content.as_slice()))
[INFO] [stdout]     |                        ^^^^^ method not found in `Vec<_>`
[INFO] [stdout]    --> /rustc/e6e4f7ed1589e03bc2f6c5931c1a72e7947e8682/library/std/src/io/mod.rs:1460:8
[INFO] [stdout]     |
[INFO] [stdout]     = note: the method is available for `Vec<_>` here
[INFO] [stdout]     |
[INFO] [stdout]     = help: items from traits can only be used if the trait is in scope
[INFO] [stdout] help: the following trait is implemented but not in scope; perhaps add a `use` for it:
[INFO] [stdout]     |
[INFO] [stdout] 1   + use std::io::Write;
[INFO] [stdout]     |
[INFO] [stdout] 
[INFO] [stdout] 
[INFO] [stdout] error[E0599]: no method named `write` found for struct `Vec<_>` in the current scope
[INFO] [stdout]    --> src/packet.rs:110:24
[INFO] [stdout]     |
[INFO] [stdout] 110 |                 try!(w.write(content.as_slice()))
[INFO] [stdout]     |                        ^^^^^ method not found in `Vec<_>`
[INFO] [stdout]    --> /rustc/e6e4f7ed1589e03bc2f6c5931c1a72e7947e8682/library/std/src/io/mod.rs:1460:8
[INFO] [stdout]     |
[INFO] [stdout]     = note: the method is available for `Vec<_>` here
[INFO] [stdout]     |
[INFO] [stdout]     = help: items from traits can only be used if the trait is in scope
[INFO] [stdout] help: the following trait is implemented but not in scope; perhaps add a `use` for it:
[INFO] [stdout]     |
[INFO] [stdout] 1   + use std::io::Write;
[INFO] [stdout]     |
[INFO] [stdout] 
[INFO] [stdout] 
[INFO] [stdout] error[E0599]: no method named `slice_to` found for array `[{integer}; 1024]` in the current scope
[INFO] [stdout]   --> src/client.rs:40:51
[INFO] [stdout]    |
[INFO] [stdout] 40 |                     match Packet::deserialize(buf.slice_to(amt)) {
[INFO] [stdout]    |                                                   ^^^^^^^^ method not found in `[{integer}; 1024]`
[INFO] [stdout] 
[INFO] [stdout] 
[INFO] [stdout] error[E0599]: no method named `slice_to` found for array `[{integer}; 1024]` in the current scope
[INFO] [stdout]   --> src/client.rs:40:51
[INFO] [stdout]    |
[INFO] [stdout] 40 |                     match Packet::deserialize(buf.slice_to(amt)) {
[INFO] [stdout]    |                                                   ^^^^^^^^ method not found in `[{integer}; 1024]`
[INFO] [stdout] 
[INFO] [stdout] 
[INFO] [stdout] error[E0599]: no function or associated item named `spawn` found for struct `Thread` in the current scope
[INFO] [stdout]    --> src/client.rs:162:25
[INFO] [stdout]     |
[INFO] [stdout] 162 |                 Thread::spawn(move || {
[INFO] [stdout]     |                         ^^^^^ function or associated item not found in `Thread`
[INFO] [stdout] 
[INFO] [stdout] 
[INFO] [stdout] error[E0599]: no function or associated item named `spawn` found for struct `Thread` in the current scope
[INFO] [stdout]    --> src/client.rs:168:25
[INFO] [stdout]     |
[INFO] [stdout] 168 |                 Thread::spawn(move || {
[INFO] [stdout]     |                         ^^^^^ function or associated item not found in `Thread`
[INFO] [stdout] 
[INFO] [stdout] 
[INFO] [stdout] error[E0599]: no function or associated item named `spawn` found for struct `Thread` in the current scope
[INFO] [stdout]    --> src/client.rs:162:25
[INFO] [stdout]     |
[INFO] [stdout] 162 |                 Thread::spawn(move || {
[INFO] [stdout]     |                         ^^^^^ function or associated item not found in `Thread`
[INFO] [stdout] 
[INFO] [stdout] 
[INFO] [stdout] error[E0599]: no function or associated item named `spawn` found for struct `Thread` in the current scope
[INFO] [stdout]    --> src/client.rs:168:25
[INFO] [stdout]     |
[INFO] [stdout] 168 |                 Thread::spawn(move || {
[INFO] [stdout]     |                         ^^^^^ function or associated item not found in `Thread`
[INFO] [stdout] 
[INFO] [stdout] 
[INFO] [stdout] error[E0599]: no method named `slice_to` found for array `[{integer}; 1024]` in the current scope
[INFO] [stdout]   --> src/server.rs:61:47
[INFO] [stdout]    |
[INFO] [stdout] 61 |                 match Packet::deserialize(buf.slice_to(amt)) {
[INFO] [stdout]    |                                               ^^^^^^^^ method not found in `[{integer}; 1024]`
[INFO] [stdout] 
[INFO] [stdout] 
[INFO] [stdout] error[E0599]: no method named `slice_to` found for array `[{integer}; 1024]` in the current scope
[INFO] [stdout]   --> src/server.rs:61:47
[INFO] [stdout]    |
[INFO] [stdout] 61 |                 match Packet::deserialize(buf.slice_to(amt)) {
[INFO] [stdout]    |                                               ^^^^^^^^ method not found in `[{integer}; 1024]`
[INFO] [stdout] 
[INFO] [stdout] 
[INFO] [stdout] error[E0599]: no function or associated item named `spawn` found for struct `Thread` in the current scope
[INFO] [stdout]    --> src/server.rs:133:25
[INFO] [stdout]     |
[INFO] [stdout] 133 |                 Thread::spawn(move || {
[INFO] [stdout]     |                         ^^^^^ function or associated item not found in `Thread`
[INFO] [stdout] 
[INFO] [stdout] 
[INFO] [stdout] error[E0599]: no function or associated item named `spawn` found for struct `Thread` in the current scope
[INFO] [stdout]    --> src/server.rs:140:25
[INFO] [stdout]     |
[INFO] [stdout] 140 |                 Thread::spawn(move || {
[INFO] [stdout]     |                         ^^^^^ function or associated item not found in `Thread`
[INFO] [stdout] 
[INFO] [stdout] 
[INFO] [stdout] error[E0599]: no function or associated item named `spawn` found for struct `Thread` in the current scope
[INFO] [stdout]    --> src/server.rs:133:25
[INFO] [stdout]     |
[INFO] [stdout] 133 |                 Thread::spawn(move || {
[INFO] [stdout]     |                         ^^^^^ function or associated item not found in `Thread`
[INFO] [stdout] 
[INFO] [stdout] 
[INFO] [stdout] error[E0599]: no function or associated item named `spawn` found for struct `Thread` in the current scope
[INFO] [stdout]    --> src/server.rs:140:25
[INFO] [stdout]     |
[INFO] [stdout] 140 |                 Thread::spawn(move || {
[INFO] [stdout]     |                         ^^^^^ function or associated item not found in `Thread`
[INFO] [stdout] 
[INFO] [stdout] 
[INFO] [stdout] error: aborting due to 29 previous errors; 8 warnings emitted
[INFO] [stdout] 
[INFO] [stdout] 
[INFO] [stdout] Some errors have detailed explanations: E0432, E0433, E0599, E0635.
[INFO] [stdout] 
[INFO] [stdout] For more information about an error, try `rustc --explain E0432`.
[INFO] [stdout] 
[INFO] [stdout] error[E0599]: no method named `slice_to` found for array `[{integer}; 256]` in the current scope
[INFO] [stdout]  --> src/tests/test_shared.rs:7:32
[INFO] [stdout]   |
[INFO] [stdout] 7 |         Ok((amt, src)) => (buf.slice_to(amt).to_vec(), src),
[INFO] [stdout]   |                                ^^^^^^^^ method not found in `[{integer}; 256]`
[INFO] [stdout] 
[INFO] [stdout] 
[INFO] [stderr] error: could not compile `string_telephone` (lib) due to 30 previous errors; 8 warnings emitted
[INFO] [stderr] warning: build failed, waiting for other jobs to finish...
[INFO] [stdout] error[E0599]: no function or associated item named `spawn` found for struct `Thread` in the current scope
[INFO] [stdout]   --> src/tests/test_client.rs:23:17
[INFO] [stdout]    |
[INFO] [stdout] 23 |           Thread::spawn(move || {
[INFO] [stdout]    |                   ^^^^^ function or associated item not found in `Thread`
[INFO] [stdout] ...
[INFO] [stdout] 57 | /     with_bound_socket!(target_addr, (socket) {
[INFO] [stdout] 58 | |         socket.set_timeout(Some(1000));
[INFO] [stdout] 59 | |         let (_, src) = test_shared::get_message(&mut socket);
[INFO] [stdout] 60 | |         socket.send_to(Packet::accept(121, 0).serialize().unwrap().as_slice(), src).ok().expect("Failed to send accept packet");
[INFO] [stdout] 61 | |     });
[INFO] [stdout]    | |______- in this macro invocation
[INFO] [stdout]    |
[INFO] [stdout]    = note: this error originates in the macro `with_bound_socket` (in Nightly builds, run with -Z macro-backtrace for more info)
[INFO] [stdout] 
[INFO] [stdout] 
[INFO] [stdout] error[E0599]: no function or associated item named `spawn` found for struct `Thread` in the current scope
[INFO] [stdout]   --> src/tests/test_client.rs:23:17
[INFO] [stdout]    |
[INFO] [stdout] 23 |           Thread::spawn(move || {
[INFO] [stdout]    |                   ^^^^^ function or associated item not found in `Thread`
[INFO] [stdout] ...
[INFO] [stdout] 79 | /     with_bound_socket!(target_addr, (socket) {
[INFO] [stdout] 80 | |         socket.set_timeout(Some(1000));
[INFO] [stdout] 81 | |         let (_, src) = test_shared::get_message(&mut socket);
[INFO] [stdout] 82 | |         socket.send_to(Packet::accept(122, 0).serialize().unwrap().as_slice(), src).ok().expect("Failed to send accept packet");
[INFO] [stdout] 83 | |     });
[INFO] [stdout]    | |______- in this macro invocation
[INFO] [stdout]    |
[INFO] [stdout]    = note: this error originates in the macro `with_bound_socket` (in Nightly builds, run with -Z macro-backtrace for more info)
[INFO] [stdout] 
[INFO] [stdout] 
[INFO] [stdout] error[E0599]: no function or associated item named `spawn` found for struct `Thread` in the current scope
[INFO] [stdout]    --> src/tests/test_client.rs:23:17
[INFO] [stdout]     |
[INFO] [stdout] 23  |           Thread::spawn(move || {
[INFO] [stdout]     |                   ^^^^^ function or associated item not found in `Thread`
[INFO] [stdout] ...
[INFO] [stdout] 101 | /     with_bound_socket!(target_addr, (socket) {
[INFO] [stdout] 102 | |         socket.set_timeout(Some(1000));
[INFO] [stdout] 103 | |         let (_, src) = test_shared::get_message(&mut socket);
[INFO] [stdout] 104 | |         socket.send_to(Packet::reject(121, 0).serialize().unwrap().as_slice(), src).ok().expect("Failed to send reject packet");
[INFO] [stdout] 105 | |     });
[INFO] [stdout]     | |______- in this macro invocation
[INFO] [stdout]     |
[INFO] [stdout]     = note: this error originates in the macro `with_bound_socket` (in Nightly builds, run with -Z macro-backtrace for more info)
[INFO] [stdout] 
[INFO] [stdout] 
[INFO] [stdout] error[E0599]: no function or associated item named `spawn` found for struct `Thread` in the current scope
[INFO] [stdout]    --> src/tests/test_client.rs:23:17
[INFO] [stdout]     |
[INFO] [stdout] 23  |           Thread::spawn(move || {
[INFO] [stdout]     |                   ^^^^^ function or associated item not found in `Thread`
[INFO] [stdout] ...
[INFO] [stdout] 127 | /     with_bound_socket!(target_addr, (socket) {
[INFO] [stdout] 128 | |         socket.set_timeout(Some(10000));
[INFO] [stdout] 129 | |         let mut attempts = 0u8;
[INFO] [stdout] 130 | |         while attempts < 3 {
[INFO] [stdout] ...   |
[INFO] [stdout] 135 | |         tx.send(attempts);
[INFO] [stdout] 136 | |     });
[INFO] [stdout]     | |______- in this macro invocation
[INFO] [stdout]     |
[INFO] [stdout]     = note: this error originates in the macro `with_bound_socket` (in Nightly builds, run with -Z macro-backtrace for more info)
[INFO] [stdout] 
[INFO] [stdout] 
[INFO] [stdout] error[E0599]: no function or associated item named `spawn` found for struct `Thread` in the current scope
[INFO] [stdout]    --> src/tests/test_client.rs:23:17
[INFO] [stdout]     |
[INFO] [stdout] 23  |           Thread::spawn(move || {
[INFO] [stdout]     |                   ^^^^^ function or associated item not found in `Thread`
[INFO] [stdout] ...
[INFO] [stdout] 156 | /     with_bound_socket!(target_addr, (socket) {
[INFO] [stdout] 157 | |         socket.set_timeout(Some(1000));
[INFO] [stdout] 158 | |         let (_, src) = test_shared::get_message(&mut socket);
[INFO] [stdout] 159 | |         socket.send_to(Packet::accept(121, 0).serialize().unwrap().as_slice(), src).ok().expect("Failed to send accept packet");
[INFO] [stdout] 160 | |     });
[INFO] [stdout]     | |______- in this macro invocation
[INFO] [stdout]     |
[INFO] [stdout]     = note: this error originates in the macro `with_bound_socket` (in Nightly builds, run with -Z macro-backtrace for more info)
[INFO] [stdout] 
[INFO] [stdout] 
[INFO] [stdout] error[E0599]: no function or associated item named `spawn` found for struct `Thread` in the current scope
[INFO] [stdout]    --> src/tests/test_client.rs:23:17
[INFO] [stdout]     |
[INFO] [stdout] 23  |           Thread::spawn(move || {
[INFO] [stdout]     |                   ^^^^^ function or associated item not found in `Thread`
[INFO] [stdout] ...
[INFO] [stdout] 178 | /     with_bound_socket!(target_addr, (socket) {
[INFO] [stdout] 179 | |         socket.set_timeout(Some(10000));
[INFO] [stdout] 180 | |         let (_, src) = test_shared::get_message(&mut socket);
[INFO] [stdout] 181 | |         socket.send_to(Packet::accept(121, 0).serialize().unwrap().as_slice(), src).ok().expect("Couldn't send a message");
[INFO] [stdout] 182 | |         socket.send_to(Packet::message(121, 1, vec![1]).serialize().unwrap().as_slice(), src).ok().expect("Couldn't send a message");
[INFO] [stdout] 183 | |     });
[INFO] [stdout]     | |______- in this macro invocation
[INFO] [stdout]     |
[INFO] [stdout]     = note: this error originates in the macro `with_bound_socket` (in Nightly builds, run with -Z macro-backtrace for more info)
[INFO] [stdout] 
[INFO] [stdout] 
[INFO] [stdout] error[E0599]: no function or associated item named `spawn` found for struct `Thread` in the current scope
[INFO] [stdout]    --> src/tests/test_client.rs:23:17
[INFO] [stdout]     |
[INFO] [stdout] 23  |           Thread::spawn(move || {
[INFO] [stdout]     |                   ^^^^^ function or associated item not found in `Thread`
[INFO] [stdout] ...
[INFO] [stdout] 209 | /     with_bound_socket!(target_addr, (socket) {
[INFO] [stdout] 210 | |         socket.set_timeout(Some(10000));
[INFO] [stdout] 211 | |         let (_, src) = test_shared::get_message(&mut socket);
[INFO] [stdout] 212 | |         socket.send_to(Packet::accept(121, 0).serialize().unwrap().as_slice(), src).ok().expect("Couldn't send a message");
[INFO] [stdout] ...   |
[INFO] [stdout] 215 | |         socket.send_to(Packet::message(121, 3, vec![3]).serialize().unwrap().as_slice(), src).ok().expect("Couldn't send a message");
[INFO] [stdout] 216 | |     });
[INFO] [stdout]     | |______- in this macro invocation
[INFO] [stdout]     |
[INFO] [stdout]     = note: this error originates in the macro `with_bound_socket` (in Nightly builds, run with -Z macro-backtrace for more info)
[INFO] [stdout] 
[INFO] [stdout] 
[INFO] [stdout] error[E0599]: no function or associated item named `spawn` found for struct `Thread` in the current scope
[INFO] [stdout]    --> src/tests/test_client.rs:23:17
[INFO] [stdout]     |
[INFO] [stdout] 23  |           Thread::spawn(move || {
[INFO] [stdout]     |                   ^^^^^ function or associated item not found in `Thread`
[INFO] [stdout] ...
[INFO] [stdout] 249 | /     with_bound_socket!(target_addr, (socket) {
[INFO] [stdout] 250 | |         socket.set_timeout(Some(10000));
[INFO] [stdout] 251 | |         let (_, src) = test_shared::get_message(&mut socket);
[INFO] [stdout] 252 | |         socket.send_to(Packet::accept(121, 0).serialize().unwrap().as_slice(), src).ok().expect("Couldn't send a message");
[INFO] [stdout] ...   |
[INFO] [stdout] 255 | |         socket.send_to(Packet::message(121, 3, vec![3]).serialize().unwrap().as_slice(), src).ok().expect("Couldn't send a message");
[INFO] [stdout] 256 | |     });
[INFO] [stdout]     | |______- in this macro invocation
[INFO] [stdout]     |
[INFO] [stdout]     = note: this error originates in the macro `with_bound_socket` (in Nightly builds, run with -Z macro-backtrace for more info)
[INFO] [stdout] 
[INFO] [stdout] 
[INFO] [stdout] error[E0599]: no function or associated item named `spawn` found for struct `Thread` in the current scope
[INFO] [stdout]    --> src/tests/test_client.rs:23:17
[INFO] [stdout]     |
[INFO] [stdout] 23  |           Thread::spawn(move || {
[INFO] [stdout]     |                   ^^^^^ function or associated item not found in `Thread`
[INFO] [stdout] ...
[INFO] [stdout] 288 | /     with_bound_socket!(target_addr, (socket) {
[INFO] [stdout] 289 | |         socket.set_timeout(Some(10000));
[INFO] [stdout] 290 | |         let (_, src) = test_shared::get_message(&mut socket);
[INFO] [stdout] 291 | |         socket.send_to(Packet::accept(121, 0).serialize().unwrap().as_slice(), src).ok().expect("Couldn't send a message");
[INFO] [stdout] 292 | |         socket.send_to(Packet::disconnect(121, 1).serialize().unwrap().as_slice(), src).ok().expect("Couldn't send a message");
[INFO] [stdout] 293 | |     });
[INFO] [stdout]     | |______- in this macro invocation
[INFO] [stdout]     |
[INFO] [stdout]     = note: this error originates in the macro `with_bound_socket` (in Nightly builds, run with -Z macro-backtrace for more info)
[INFO] [stdout] 
[INFO] [stdout] 
[INFO] [stdout] error[E0599]: no function or associated item named `spawn` found for struct `Thread` in the current scope
[INFO] [stdout]    --> src/tests/test_client.rs:23:17
[INFO] [stdout]     |
[INFO] [stdout] 23  |           Thread::spawn(move || {
[INFO] [stdout]     |                   ^^^^^ function or associated item not found in `Thread`
[INFO] [stdout] ...
[INFO] [stdout] 318 | /     with_bound_socket!(target_addr, (socket) {
[INFO] [stdout] 319 | |         socket.set_timeout(Some(10000));
[INFO] [stdout] 320 | |         let (_, src) = test_shared::get_message(&mut socket);
[INFO] [stdout] 321 | |         socket.send_to(Packet::accept(121, 0).serialize().unwrap().as_slice(), src).ok().expect("Couldn't send a message");
[INFO] [stdout] 322 | |         //Don't send any more data
[INFO] [stdout] 323 | |     });
[INFO] [stdout]     | |______- in this macro invocation
[INFO] [stdout]     |
[INFO] [stdout]     = note: this error originates in the macro `with_bound_socket` (in Nightly builds, run with -Z macro-backtrace for more info)
[INFO] [stdout] 
[INFO] [stdout] 
[INFO] [stdout] error[E0599]: no function or associated item named `spawn` found for struct `Thread` in the current scope
[INFO] [stdout]    --> src/tests/test_client.rs:23:17
[INFO] [stdout]     |
[INFO] [stdout] 23  |           Thread::spawn(move || {
[INFO] [stdout]     |                   ^^^^^ function or associated item not found in `Thread`
[INFO] [stdout] ...
[INFO] [stdout] 351 | /     with_bound_socket!(target_addr, (socket) {
[INFO] [stdout] 352 | |         socket.set_timeout(Some(10000));
[INFO] [stdout] 353 | |         let (msg, src) = test_shared::get_message(&mut socket);
[INFO] [stdout] 354 | |         //Check what's been sent
[INFO] [stdout] ...   |
[INFO] [stdout] 357 | |         tx.send(packet);
[INFO] [stdout] 358 | |     });
[INFO] [stdout]     | |______- in this macro invocation
[INFO] [stdout]     |
[INFO] [stdout]     = note: this error originates in the macro `with_bound_socket` (in Nightly builds, run with -Z macro-backtrace for more info)
[INFO] [stdout] 
[INFO] [stdout] 
[INFO] [stdout] error[E0599]: no function or associated item named `spawn` found for struct `Thread` in the current scope
[INFO] [stdout]    --> src/tests/test_client.rs:23:17
[INFO] [stdout]     |
[INFO] [stdout] 23  |           Thread::spawn(move || {
[INFO] [stdout]     |                   ^^^^^ function or associated item not found in `Thread`
[INFO] [stdout] ...
[INFO] [stdout] 381 | /     with_bound_socket!(target_addr, (socket) {
[INFO] [stdout] 382 | |         socket.set_timeout(Some(10000));
[INFO] [stdout] 383 | |         let (_, src) = test_shared::get_message(&mut socket);
[INFO] [stdout] 384 | |         socket.send_to(Packet::accept(121, 0).serialize().unwrap().as_slice(), src).ok().expect("Couldn't send a message");
[INFO] [stdout] ...   |
[INFO] [stdout] 388 | |         tx.send(packet);
[INFO] [stdout] 389 | |     });
[INFO] [stdout]     | |______- in this macro invocation
[INFO] [stdout]     |
[INFO] [stdout]     = note: this error originates in the macro `with_bound_socket` (in Nightly builds, run with -Z macro-backtrace for more info)
[INFO] [stdout] 
[INFO] [stdout] 
[INFO] [stdout] error[E0599]: no function or associated item named `spawn` found for struct `Thread` in the current scope
[INFO] [stdout]    --> src/tests/test_client.rs:23:17
[INFO] [stdout]     |
[INFO] [stdout] 23  |           Thread::spawn(move || {
[INFO] [stdout]     |                   ^^^^^ function or associated item not found in `Thread`
[INFO] [stdout] ...
[INFO] [stdout] 414 | /     with_bound_socket!(target_addr, (socket) {
[INFO] [stdout] 415 | |         socket.set_timeout(Some(10000));
[INFO] [stdout] 416 | |         let (_, src) = test_shared::get_message(&mut socket);
[INFO] [stdout] 417 | |         socket.send_to(Packet::accept(121, 0).serialize().unwrap().as_slice(), src).ok().expect("Couldn't send a message");
[INFO] [stdout] ...   |
[INFO] [stdout] 421 | |         tx.send(packet);
[INFO] [stdout] 422 | |     });
[INFO] [stdout]     | |______- in this macro invocation
[INFO] [stdout]     |
[INFO] [stdout]     = note: this error originates in the macro `with_bound_socket` (in Nightly builds, run with -Z macro-backtrace for more info)
[INFO] [stdout] 
[INFO] [stdout] 
[INFO] [stdout] error[E0599]: no function or associated item named `spawn` found for struct `Thread` in the current scope
[INFO] [stdout]    --> src/tests/test_client.rs:23:17
[INFO] [stdout]     |
[INFO] [stdout] 23  |           Thread::spawn(move || {
[INFO] [stdout]     |                   ^^^^^ function or associated item not found in `Thread`
[INFO] [stdout] ...
[INFO] [stdout] 443 | /     with_bound_socket!(target_addr, (socket) {
[INFO] [stdout] 444 | |         socket.set_timeout(Some(10000));
[INFO] [stdout] 445 | |         let (_, src) = test_shared::get_message(&mut socket);
[INFO] [stdout] 446 | |         socket.send_to(Packet::accept(121, 0).serialize().unwrap().as_slice(), src).ok().expect("Couldn't send a message");
[INFO] [stdout] ...   |
[INFO] [stdout] 449 | |         socket.send_to(Packet::message(121, 3, vec![3]).serialize().unwrap().as_slice(), src).ok().expect("Couldn't send a message");
[INFO] [stdout] 450 | |     });
[INFO] [stdout]     | |______- in this macro invocation
[INFO] [stdout]     |
[INFO] [stdout]     = note: this error originates in the macro `with_bound_socket` (in Nightly builds, run with -Z macro-backtrace for more info)
[INFO] [stdout] 
[INFO] [stdout] 
[INFO] [stdout] error[E0599]: no function or associated item named `spawn` found for struct `Thread` in the current scope
[INFO] [stdout]   --> src/tests/test_server.rs:15:17
[INFO] [stdout]    |
[INFO] [stdout] 15 |           Thread::spawn(move || {
[INFO] [stdout]    |                   ^^^^^ function or associated item not found in `Thread`
[INFO] [stdout] ...
[INFO] [stdout] 69 | /             with_bound_socket!((socket) {
[INFO] [stdout] 70 | |                 socket.send_to(Packet::connect(122, 0).serialize().unwrap().as_slice(), my_addr).ok().expect("Couldn't send a message");
[INFO] [stdout] 71 | |                 tx.send(());
[INFO] [stdout] 72 | |             });
[INFO] [stdout]    | |______________- in this macro invocation
[INFO] [stdout]    |
[INFO] [stdout]    = note: this error originates in the macro `with_bound_socket` (in Nightly builds, run with -Z macro-backtrace for more info)
[INFO] [stdout] 
[INFO] [stdout] 
[INFO] [stdout] error[E0599]: no function or associated item named `spawn` found for struct `Thread` in the current scope
[INFO] [stdout]   --> src/tests/test_server.rs:15:17
[INFO] [stdout]    |
[INFO] [stdout] 15 |           Thread::spawn(move || {
[INFO] [stdout]    |                   ^^^^^ function or associated item not found in `Thread`
[INFO] [stdout] ...
[INFO] [stdout] 93 | /             with_bound_socket!((socket) {
[INFO] [stdout] 94 | |                 socket.send_to(Packet::connect(121, 0).serialize().unwrap().as_slice(), my_addr).ok().expect("Couldn't send a message");
[INFO] [stdout] 95 | |                 tx.send(());
[INFO] [stdout] 96 | |             });
[INFO] [stdout]    | |______________- in this macro invocation
[INFO] [stdout]    |
[INFO] [stdout]    = note: this error originates in the macro `with_bound_socket` (in Nightly builds, run with -Z macro-backtrace for more info)
[INFO] [stdout] 
[INFO] [stdout] 
[INFO] [stdout] error[E0599]: no function or associated item named `spawn` found for struct `Thread` in the current scope
[INFO] [stdout]    --> src/tests/test_server.rs:15:17
[INFO] [stdout]     |
[INFO] [stdout] 15  |           Thread::spawn(move || {
[INFO] [stdout]     |                   ^^^^^ function or associated item not found in `Thread`
[INFO] [stdout] ...
[INFO] [stdout] 122 | /             with_bound_socket!((socket) {
[INFO] [stdout] 123 | |                 socket.send_to(Packet::connect(121, 0).serialize().unwrap().as_slice(), my_addr).ok().expect("Couldn't send a message");
[INFO] [stdout] 124 | |                 tx.send(());
[INFO] [stdout] 125 | |             });
[INFO] [stdout]     | |______________- in this macro invocation
[INFO] [stdout]     |
[INFO] [stdout]     = note: this error originates in the macro `with_bound_socket` (in Nightly builds, run with -Z macro-backtrace for more info)
[INFO] [stdout] 
[INFO] [stdout] 
[INFO] [stdout] error[E0599]: no function or associated item named `spawn` found for struct `Thread` in the current scope
[INFO] [stdout]    --> src/tests/test_server.rs:15:17
[INFO] [stdout]     |
[INFO] [stdout] 15  |           Thread::spawn(move || {
[INFO] [stdout]     |                   ^^^^^ function or associated item not found in `Thread`
[INFO] [stdout] ...
[INFO] [stdout] 126 | /             with_bound_socket!((socket) {
[INFO] [stdout] 127 | |                 socket.send_to(Packet::connect(121, 0).serialize().unwrap().as_slice(), my_addr).ok().expect("Couldn't send a message");
[INFO] [stdout] 128 | |                 tx2.send(());
[INFO] [stdout] 129 | |             });
[INFO] [stdout]     | |______________- in this macro invocation
[INFO] [stdout]     |
[INFO] [stdout]     = note: this error originates in the macro `with_bound_socket` (in Nightly builds, run with -Z macro-backtrace for more info)
[INFO] [stdout] 
[INFO] [stdout] 
[INFO] [stdout] error[E0599]: no function or associated item named `spawn` found for struct `Thread` in the current scope
[INFO] [stdout]    --> src/tests/test_server.rs:15:17
[INFO] [stdout]     |
[INFO] [stdout] 15  |           Thread::spawn(move || {
[INFO] [stdout]     |                   ^^^^^ function or associated item not found in `Thread`
[INFO] [stdout] ...
[INFO] [stdout] 162 | /             with_bound_socket!((socket) {
[INFO] [stdout] 163 | |                 socket.send_to(Packet::connect(121, 0).serialize().unwrap().as_slice(), my_addr).ok().expect("Couldn't send a message");
[INFO] [stdout] 164 | |                 tx.send(());
[INFO] [stdout] 165 | |             });
[INFO] [stdout]     | |______________- in this macro invocation
[INFO] [stdout]     |
[INFO] [stdout]     = note: this error originates in the macro `with_bound_socket` (in Nightly builds, run with -Z macro-backtrace for more info)
[INFO] [stdout] 
[INFO] [stdout] 
[INFO] [stdout] error[E0599]: no function or associated item named `spawn` found for struct `Thread` in the current scope
[INFO] [stdout]    --> src/tests/test_server.rs:15:17
[INFO] [stdout]     |
[INFO] [stdout] 15  |           Thread::spawn(move || {
[INFO] [stdout]     |                   ^^^^^ function or associated item not found in `Thread`
[INFO] [stdout] ...
[INFO] [stdout] 166 | /             with_bound_socket!((socket) {
[INFO] [stdout] 167 | |                 socket.send_to(Packet::connect(121, 0).serialize().unwrap().as_slice(), my_addr).ok().expect("Couldn't send a message");
[INFO] [stdout] 168 | |                 tx2.send(());
[INFO] [stdout] 169 | |             });
[INFO] [stdout]     | |______________- in this macro invocation
[INFO] [stdout]     |
[INFO] [stdout]     = note: this error originates in the macro `with_bound_socket` (in Nightly builds, run with -Z macro-backtrace for more info)
[INFO] [stdout] 
[INFO] [stdout] 
[INFO] [stdout] error[E0599]: no function or associated item named `spawn` found for struct `Thread` in the current scope
[INFO] [stdout]    --> src/tests/test_server.rs:15:17
[INFO] [stdout]     |
[INFO] [stdout] 15  |           Thread::spawn(move || {
[INFO] [stdout]     |                   ^^^^^ function or associated item not found in `Thread`
[INFO] [stdout] ...
[INFO] [stdout] 203 | /             with_bound_socket!((socket) {
[INFO] [stdout] 204 | |                 socket.set_timeout(Some(5000));
[INFO] [stdout] 205 | |                 socket.send_to(Packet::connect(121, 0).serialize().unwrap().as_slice(), my_addr).ok().expect("Couldn't send a message");
[INFO] [stdout] 206 | |                 test_shared::get_message(&mut socket); //Should be the Accept message
[INFO] [stdout] ...   |
[INFO] [stdout] 209 | |                 tx.send(Packet::deserialize(message.as_slice()).ok().expect("Couldn't deserialize a message"));
[INFO] [stdout] 210 | |             });
[INFO] [stdout]     | |______________- in this macro invocation
[INFO] [stdout]     |
[INFO] [stdout]     = note: this error originates in the macro `with_bound_socket` (in Nightly builds, run with -Z macro-backtrace for more info)
[INFO] [stdout] 
[INFO] [stdout] 
[INFO] [stdout] error[E0599]: no function or associated item named `spawn` found for struct `Thread` in the current scope
[INFO] [stdout]    --> src/tests/test_server.rs:15:17
[INFO] [stdout]     |
[INFO] [stdout] 15  |           Thread::spawn(move || {
[INFO] [stdout]     |                   ^^^^^ function or associated item not found in `Thread`
[INFO] [stdout] ...
[INFO] [stdout] 255 | /             with_bound_socket!((socket) {
[INFO] [stdout] 256 | |                 socket.set_timeout(Some(5000));
[INFO] [stdout] 257 | |                 socket.send_to(Packet::connect(121, 0).serialize().unwrap().as_slice(), my_addr).ok().expect("Couldn't send a message");
[INFO] [stdout] 258 | |                 test_shared::get_message(&mut socket); //Should be the Accept message
[INFO] [stdout] ...   |
[INFO] [stdout] 261 | |                 tx.send(Packet::deserialize(message.as_slice()).ok().expect("Couldn't deserialize a message"));
[INFO] [stdout] 262 | |             });
[INFO] [stdout]     | |______________- in this macro invocation
[INFO] [stdout]     |
[INFO] [stdout]     = note: this error originates in the macro `with_bound_socket` (in Nightly builds, run with -Z macro-backtrace for more info)
[INFO] [stdout] 
[INFO] [stdout] 
[INFO] [stdout] error[E0599]: no function or associated item named `spawn` found for struct `Thread` in the current scope
[INFO] [stdout]    --> src/tests/test_server.rs:15:17
[INFO] [stdout]     |
[INFO] [stdout] 15  |           Thread::spawn(move || {
[INFO] [stdout]     |                   ^^^^^ function or associated item not found in `Thread`
[INFO] [stdout] ...
[INFO] [stdout] 263 | /             with_bound_socket!((socket) {
[INFO] [stdout] 264 | |                 socket.set_timeout(Some(5000));
[INFO] [stdout] 265 | |                 socket.send_to(Packet::connect(121, 0).serialize().unwrap().as_slice(), my_addr).ok().expect("Couldn't send a message");
[INFO] [stdout] 266 | |                 test_shared::get_message(&mut socket); //Should be the Accept message
[INFO] [stdout] ...   |
[INFO] [stdout] 269 | |                 tx2.send(Packet::deserialize(message.as_slice()).ok().expect("Couldn't deserialize a message"));
[INFO] [stdout] 270 | |             });
[INFO] [stdout]     | |______________- in this macro invocation
[INFO] [stdout]     |
[INFO] [stdout]     = note: this error originates in the macro `with_bound_socket` (in Nightly builds, run with -Z macro-backtrace for more info)
[INFO] [stdout] 
[INFO] [stdout] 
[INFO] [stdout] error[E0599]: no function or associated item named `spawn` found for struct `Thread` in the current scope
[INFO] [stdout]    --> src/tests/test_server.rs:15:17
[INFO] [stdout]     |
[INFO] [stdout] 15  |           Thread::spawn(move || {
[INFO] [stdout]     |                   ^^^^^ function or associated item not found in `Thread`
[INFO] [stdout] ...
[INFO] [stdout] 304 | /             with_bound_socket!((socket) {
[INFO] [stdout] 305 | |                 socket.set_timeout(Some(5000));
[INFO] [stdout] 306 | |                 socket.send_to(Packet::connect(121, 0).serialize().unwrap().as_slice(), my_addr).ok().expect("Couldn't send a message");
[INFO] [stdout] 307 | |                 test_shared::get_message(&mut socket); //Should be the Accept message
[INFO] [stdout] ...   |
[INFO] [stdout] 310 | |                 tx.send(Packet::deserialize(message.as_slice()).ok().expect("Couldn't deserialize a message"));
[INFO] [stdout] 311 | |             });
[INFO] [stdout]     | |______________- in this macro invocation
[INFO] [stdout]     |
[INFO] [stdout]     = note: this error originates in the macro `with_bound_socket` (in Nightly builds, run with -Z macro-backtrace for more info)
[INFO] [stdout] 
[INFO] [stdout] 
[INFO] [stdout] error[E0599]: no function or associated item named `spawn` found for struct `Thread` in the current scope
[INFO] [stdout]    --> src/tests/test_server.rs:15:17
[INFO] [stdout]     |
[INFO] [stdout] 15  |           Thread::spawn(move || {
[INFO] [stdout]     |                   ^^^^^ function or associated item not found in `Thread`
[INFO] [stdout] ...
[INFO] [stdout] 312 | /             with_bound_socket!((socket) {
[INFO] [stdout] 313 | |                 socket.set_timeout(Some(5000));
[INFO] [stdout] 314 | |                 socket.send_to(Packet::connect(121, 0).serialize().unwrap().as_slice(), my_addr).ok().expect("Couldn't send a message");
[INFO] [stdout] 315 | |                 test_shared::get_message(&mut socket); //Should be the Accept message
[INFO] [stdout] ...   |
[INFO] [stdout] 318 | |                 tx2.send(Packet::deserialize(message.as_slice()).ok().expect("Couldn't deserialize a message"));
[INFO] [stdout] 319 | |             });
[INFO] [stdout]     | |______________- in this macro invocation
[INFO] [stdout]     |
[INFO] [stdout]     = note: this error originates in the macro `with_bound_socket` (in Nightly builds, run with -Z macro-backtrace for more info)
[INFO] [stdout] 
[INFO] [stdout] 
[INFO] [stdout] error[E0599]: no function or associated item named `spawn` found for struct `Thread` in the current scope
[INFO] [stdout]    --> src/tests/test_server.rs:15:17
[INFO] [stdout]     |
[INFO] [stdout] 15  |           Thread::spawn(move || {
[INFO] [stdout]     |                   ^^^^^ function or associated item not found in `Thread`
[INFO] [stdout] ...
[INFO] [stdout] 351 | /             with_bound_socket!((socket) {
[INFO] [stdout] 352 | |                 socket.set_timeout(Some(5000));
[INFO] [stdout] 353 | |                 socket.send_to(Packet::connect(121, 0).serialize().unwrap().as_slice(), my_addr).ok().expect("Couldn't send a message");
[INFO] [stdout] 354 | |                 test_shared::get_message(&mut socket); //Should be the Accept message
[INFO] [stdout] 355 | |                 socket.send_to(Packet::message(121, 1, vec![1,2,3]).serialize().unwrap().as_slice(), my_addr).ok().expect("Couldn't s...
[INFO] [stdout] 356 | |             });
[INFO] [stdout]     | |______________- in this macro invocation
[INFO] [stdout]     |
[INFO] [stdout]     = note: this error originates in the macro `with_bound_socket` (in Nightly builds, run with -Z macro-backtrace for more info)
[INFO] [stdout] 
[INFO] [stdout] 
[INFO] [stdout] error[E0599]: no function or associated item named `spawn` found for struct `Thread` in the current scope
[INFO] [stdout]    --> src/tests/test_server.rs:15:17
[INFO] [stdout]     |
[INFO] [stdout] 15  |           Thread::spawn(move || {
[INFO] [stdout]     |                   ^^^^^ function or associated item not found in `Thread`
[INFO] [stdout] ...
[INFO] [stdout] 385 | /             with_bound_socket!((socket) {
[INFO] [stdout] 386 | |                 socket.set_timeout(Some(5000));
[INFO] [stdout] 387 | |                 socket.send_to(Packet::connect(121, 0).serialize().unwrap().as_slice(), my_addr).ok().expect("Couldn't send a message");
[INFO] [stdout] 388 | |                 test_shared::get_message(&mut socket); //Should be the Accept message
[INFO] [stdout] 389 | |                 socket.send_to(Packet::disconnect(121, 0).serialize().unwrap().as_slice(), my_addr).ok().expect("Couldn't send a message");
[INFO] [stdout] 390 | |             });
[INFO] [stdout]     | |______________- in this macro invocation
[INFO] [stdout]     |
[INFO] [stdout]     = note: this error originates in the macro `with_bound_socket` (in Nightly builds, run with -Z macro-backtrace for more info)
[INFO] [stdout] 
[INFO] [stdout] 
[INFO] [stdout] error[E0599]: no function or associated item named `spawn` found for struct `Thread` in the current scope
[INFO] [stdout]    --> src/tests/test_server.rs:15:17
[INFO] [stdout]     |
[INFO] [stdout] 15  |           Thread::spawn(move || {
[INFO] [stdout]     |                   ^^^^^ function or associated item not found in `Thread`
[INFO] [stdout] ...
[INFO] [stdout] 420 | /             with_bound_socket!((socket) {
[INFO] [stdout] 421 | |                 socket.set_timeout(Some(5000));
[INFO] [stdout] 422 | |                 socket.send_to(Packet::connect(121, 0).serialize().unwrap().as_slice(), my_addr).ok().expect("Couldn't send a message");
[INFO] [stdout] 423 | |                 test_shared::get_message(&mut socket); //Should be the Accept message
[INFO] [stdout] 424 | |                 socket.send_to(Packet::connect(121, 0).serialize().unwrap().as_slice(), my_addr).ok().expect("Couldn't send a message");
[INFO] [stdout] 425 | |             });
[INFO] [stdout]     | |______________- in this macro invocation
[INFO] [stdout]     |
[INFO] [stdout]     = note: this error originates in the macro `with_bound_socket` (in Nightly builds, run with -Z macro-backtrace for more info)
[INFO] [stdout] 
[INFO] [stdout] 
[INFO] [stdout] error[E0599]: no function or associated item named `spawn` found for struct `Thread` in the current scope
[INFO] [stdout]    --> src/tests/test_server.rs:15:17
[INFO] [stdout]     |
[INFO] [stdout] 15  |   ...   Thread::spawn(move || {
[INFO] [stdout]     |                 ^^^^^ function or associated item not found in `Thread`
[INFO] [stdout] ...
[INFO] [stdout] 454 | / ...       with_bound_socket!((socket) {
[INFO] [stdout] 455 | | ...           socket.set_timeout(Some(5000));
[INFO] [stdout] 456 | | ...           socket.send_to(Packet::connect(121, 0).serialize().unwrap().as_slice(), my_addr).ok().expect("Couldn't send a message");
[INFO] [stdout] 457 | | ...           test_shared::get_message(&mut socket); //Should be the Accept message
[INFO] [stdout] ...   |
[INFO] [stdout] 460 | | ...           socket.send_to(Packet::message(121, 2, vec![3]).serialize().unwrap().as_slice(), my_addr).ok().expect("Couldn't send a mess...
[INFO] [stdout] 461 | | ...       });
[INFO] [stdout]     | |____________- in this macro invocation
[INFO] [stdout]     |
[INFO] [stdout]     = note: this error originates in the macro `with_bound_socket` (in Nightly builds, run with -Z macro-backtrace for more info)
[INFO] [stdout] 
[INFO] [stdout] 
[INFO] [stdout] error: aborting due to 69 previous errors; 8 warnings emitted
[INFO] [stdout] 
[INFO] [stdout] 
[INFO] [stdout] Some errors have detailed explanations: E0432, E0433, E0599, E0635.
[INFO] [stdout] 
[INFO] [stdout] For more information about an error, try `rustc --explain E0432`.
[INFO] [stdout] 
[INFO] [stderr] error: could not compile `string_telephone` (lib test) due to 70 previous errors; 8 warnings emitted
[INFO] running `Command { std: "docker" "inspect" "d03ea8c10dcddb2d6320f88c00e2de865455c18efacd3982b2c2b1cb52aa53a1", kill_on_drop: false }`
[INFO] running `Command { std: "docker" "rm" "-f" "d03ea8c10dcddb2d6320f88c00e2de865455c18efacd3982b2c2b1cb52aa53a1", kill_on_drop: false }`
[INFO] [stdout] d03ea8c10dcddb2d6320f88c00e2de865455c18efacd3982b2c2b1cb52aa53a1
